{"id":229,"date":"2015-02-05T15:41:03","date_gmt":"2015-02-05T14:41:03","guid":{"rendered":"http:\/\/www.quatuor-du-bourg.ch\/?page_id=229"},"modified":"2016-06-27T12:03:48","modified_gmt":"2016-06-27T10:03:48","slug":"repertoire-2","status":"publish","type":"page","link":"https:\/\/www.quatuor-du-bourg.ch\/?page_id=229","title":{"rendered":"R\u00e9pertoire"},"content":{"rendered":"<p>Vous trouverez ici les programmes de quelques-uns de nos concerts :<\/p>\n<ul>\n<li>Concert \u00e0 Corsier, No\u00ebl 2014 :\u00a0<a href=\"\/wp-uploads\/Programme_Corsier.pdf\" target=\"_blank\">Programme_Corsier<\/a><\/li>\n<li>Animation d&rsquo;un culte \u00e0 Berne, automne 2014 :\u00a0<a href=\"\/wp-uploads\/Programme_culte_Berne.pdf\" target=\"_blank\">Programme_culte_Berne<\/a><\/li>\n<li>Concert \u00e0 St-Barth\u00e9l\u00e9my, automne 2012 :\u00a0<a href=\"\/wp-uploads\/Programme-St-Barth\u00e9l\u00e9my.pdf\" target=\"_blank\">Programme St-Barth\u00e9l\u00e9my<\/a><\/li>\n<li>Concert \u00e0 Epalinges, automne 2011 :\u00a0<a href=\"\/wp-uploads\/Programme_Epalinges.pdf\" target=\"_blank\">Programme_Epalinges<\/a><\/li>\n<\/ul>\n<p>Chaque \u00e9ch\u00e9ance fait l&rsquo;objet d&rsquo;une programmation sp\u00e9cifique en fonction du lieu, de la saison, des envies et des souhaits. N&rsquo;h\u00e9sitez pas \u00e0 prendre <a href=\"https:\/\/www.quatuor-du-bourg.ch\/?page_id=86\">contact<\/a> avec nous.<\/p>\n","protected":false},"excerpt":{"rendered":"<p>Vous trouverez ici les programmes de quelques-uns de nos concerts : Concert \u00e0 Corsier, No\u00ebl 2014 :\u00a0Programme_Corsier Animation d&rsquo;un culte \u00e0 Berne, automne 2014 :\u00a0Programme_culte_Berne Concert \u00e0 St-Barth\u00e9l\u00e9my, automne 2012 :\u00a0Programme St-Barth\u00e9l\u00e9my Concert \u00e0 Epalinges, automne 2011 :\u00a0Programme_Epalinges Chaque \u00e9ch\u00e9ance fait l&rsquo;objet d&rsquo;une programmation sp\u00e9cifique en fonction du lieu, de la saison, des envies et &hellip; <\/p>\n<p class=\"link-more\"><a href=\"https:\/\/www.quatuor-du-bourg.ch\/?page_id=229\" class=\"more-link\">Continuer la lecture<span class=\"screen-reader-text\"> de &laquo;&nbsp;R\u00e9pertoire&nbsp;&raquo;<\/span><\/a><\/p>\n","protected":false},"author":2,"featured_media":0,"parent":0,"menu_order":0,"comment_status":"closed","ping_status":"open","template":"","meta":{"footnotes":""},"class_list":["post-229","page","type-page","status-publish","hentry"],"_links":{"self":[{"href":"https:\/\/www.quatuor-du-bourg.ch\/index.php?rest_route=\/wp\/v2\/pages\/229","targetHints":{"allow":["GET"]}}],"collection":[{"href":"https:\/\/www.quatuor-du-bourg.ch\/index.php?rest_route=\/wp\/v2\/pages"}],"about":[{"href":"https:\/\/www.quatuor-du-bourg.ch\/index.php?rest_route=\/wp\/v2\/types\/page"}],"author":[{"embeddable":true,"href":"https:\/\/www.quatuor-du-bourg.ch\/index.php?rest_route=\/wp\/v2\/users\/2"}],"replies":[{"embeddable":true,"href":"https:\/\/www.quatuor-du-bourg.ch\/index.php?rest_route=%2Fwp%2Fv2%2Fcomments&post=229"}],"version-history":[{"count":12,"href":"https:\/\/www.quatuor-du-bourg.ch\/index.php?rest_route=\/wp\/v2\/pages\/229\/revisions"}],"predecessor-version":[{"id":399,"href":"https:\/\/www.quatuor-du-bourg.ch\/index.php?rest_route=\/wp\/v2\/pages\/229\/revisions\/399"}],"wp:attachment":[{"href":"https:\/\/www.quatuor-du-bourg.ch\/index.php?rest_route=%2Fwp%2Fv2%2Fmedia&parent=229"}],"curies":[{"name":"wp","href":"https:\/\/api.w.org\/{rel}","templated":true}]}}

Répertoire

<p>Vous trouverez ici les programmes de quelques-uns de nos concerts :</p>
<ul>
<li>Concert à Corsier, Noël 2014 : <a href="/wp-uploads/Programme_Corsier.pdf" target="_blank">Programme_Corsier</a></li>
<li>Animation d&rsquo;un culte à Berne, automne 2014 : <a href="/wp-uploads/Programme_culte_Berne.pdf" target="_blank">Programme_culte_Berne</a></li>
<li>Concert à St-Barthélémy, automne 2012 : <a href="/wp-uploads/Programme-St-Barthélémy.pdf" target="_blank">Programme St-Barthélémy</a></li>
<li>Concert à Epalinges, automne 2011 : <a href="/wp-uploads/Programme_Epalinges.pdf" target="_blank">Programme_Epalinges</a></li>
</ul>
<p>Chaque échéance fait l&rsquo;objet d&rsquo;une programmation spécifique en fonction du lieu, de la saison, des envies et des souhaits. N&rsquo;hésitez pas à prendre <a href="https://www.quatuor-du-bourg.ch/?page_id=86">contact</a> avec nous.</p>

<p>Vous trouverez ici les programmes de quelques-uns de nos concerts : Concert à Corsier, Noël 2014 : Programme_Corsier Animation d&rsquo;un culte à Berne, automne 2014 : Programme_culte_Berne Concert à St-Barthélémy, automne 2012 : Programme St-Barthélémy Concert à Epalinges, automne 2011 : Programme_Epalinges Chaque échéance fait l&rsquo;objet d&rsquo;une programmation spécifique en fonction du lieu, de la saison, des envies et &hellip; </p>
<p class="link-more"><a href="https://www.quatuor-du-bourg.ch/?page_id=229" class="more-link">Continuer la lecture<span class="screen-reader-text"> de &laquo;&nbsp;Répertoire&nbsp;&raquo;</span></a></p>
